multiple of 230?
False
Is 2652034 a multiple of 8?
False
Is 2163231 a multiple of 15?
False
Does 163 divide 558860?
False
Is 3864677 a multiple of 132?
False
Does 103 divide 210113?
False
Does 139 divide 7986940?
True
Does 16 divide 953238?
False
Is 19813665 a multiple of 49?
False
Does 50 divide 8802029?
False
Is 1280092 a multiple of 22?
True
Is 325 a factor of 4176250?
True
Does 1676 divide 14039852?
True
Does 20 divide 39740?
True
Does 5 divide 1063230?
True
Does 436 divide 2921942?
False
Is 48471 a multiple of 7?
False
Is 49 a factor of 423601?
False
Does 311 divide 1025678?
True
Is 321660 a multiple of 20?
True
Is 74 a factor of 7647?
False
Is 5 a factor of 257375?
True
Is 26746 a multiple of 18?
False
Is 61 a factor of 1679513?
True
Is 2910475 a multiple of 1411?
False
Does 147 divide 66939?
False
Is 601614 a multiple of 27?
True
Is 827280 a multiple of 20?
True
Is 4 a factor of 49676?
True
Is 1454094 a multiple of 58?
False
Is 7933 a multiple of 7?
False
Is 25 a factor of 2316775?
True
Is 817330 a multiple of 276?
False
Does 127 divide 75819?
True
Does 10 divide 1399008?
False
Is 10404269 a multiple of 175?
False
Is 94 a factor of 845154?
True
Is 158 a factor of 482848?
True
Does 105 divide 3158190?
True
Is 1444638 a multiple of 34?
False
Is 834275 a multiple of 149?
False
Is 266 a factor of 141512?
True
Is 90800 a multiple of 19?
False
Does 723 divide 2142218?
False
Is 349434 a multiple of 34?
False
Is 277 a factor of 39057?
True
Is 19 a factor of 873012?
True
Is 32888 a multiple of 24?
False
Does 12 divide 53449?
False
Is 13 a factor of 2518347?
True
Is 23 a factor of 5934857?
False
Is 172232 a multiple of 17?
False
Does 345 divide 2829000?
True
Is 57 a factor of 243720?
False
Does 392 divide 5391960?
True
Is 8 a factor of 1443704?
True
Is 560488 a multiple of 167?
False
Does 657 divide 741096?
True
Does 886 divide 1541222?
False
Is 19 a factor of 2601521?
False
Is 231660 a multiple of 110?
True
Is 211 a factor of 566535?
True
Is 1144389 a multiple of 51?
True
Is 42 a factor of 819937?
False
Is 286704 a multiple of 1086?
True
Is 644760 a multiple of 360?
True
Does 9 divide 59879?
False
Does 256 divide 462080?
True
Does 222 divide 71602?
False
Does 83 divide 156509?
False
Is 387 a factor of 1892187?
False
Is 882901 a multiple of 23?
True
Does 47 divide 2535599?
False
Does 189 divide 3742200?
True
Is 36526 a multiple of 157?
False
Is 16 a factor of 3842688?
True
Is 43542 a multiple of 189?
False
Does 26 divide 28395?
False
Does 11 divide 60764?
True
Is 25 a factor of 37484?
False
Is 6 a factor of 107978?
False
Does 39 divide 225610?
False
Is 30 a factor of 262020?
True
Does 853 divide 3139893?
True
Does 196 divide 656012?
True
Does 77 divide 1379840?
True
Does 9 divide 104535?
True
Does 161 divide 4968943?
True
Is 25 a factor of 163333?
False
Is 7539291 a multiple of 15?
False
Is 5436179 a multiple of 65?
False
Is 84 a multiple of 14?
True
Is 39248 a multiple of 22?
True
Does 884 divide 1312740?
True
Is 4507777 a multiple of 17?
False
Is 72 a factor of 1022583?
False
Does 104 divide 444912?
True
Is 705 a factor of 15659460?
True
Is 42 a factor of 178781?
False
Is 86 a factor of 8676735?
False
Does 85 divide 445655?
True
Does 394 divide 2009760?
False
Is 183539 a multiple of 65?
False
Does 74 divide 398934?
True
Does 31 divide 3808668?
False
Is 1211155 a multiple of 305?
True
Is 487 a factor of 998837?
True
Is 10 a factor of 640820?
True
Is 129857 a multiple of 90?
False
Is 287 a factor of 4729186?
True
Is 2620871 a multiple of 385?
False
Is 36 a factor of 373290?
False
Is 10 a factor of 267140?
True
Does 25 divide 1117525?
True
Is 463 a factor of 8645136?
True
Does 17 divide 3989735?
False
Is 117819 a multiple of 4?
False
Does 55 divide 79991?
False
Is 4 a factor of 425858?
False
Is 8579 a multiple of 16?
False
Is 280 a factor of 572880?
True
Is 275875 a multiple of 4?
False
Is 29 a factor of 7026?
False
Is 14 a factor of 458766?
True
Does 405 divide 109457?
False
Does 17 divide 17071242?
False
Is 243 a factor of 2804706?
True
Is 287 a factor of 12739069?
True
Is 630720 a multiple of 45?
True
Does 2 divide 290468?
True
Is 8949204 a multiple of 11?
True
Is 22 a factor of 1406966?
True
Does 529 divide 10222396?
True
Is 2283238 a multiple of 331?
True
Is 529815 a multiple of 507?
True
Is 634854 a multiple of 14?
False
Is 2757392 a multiple of 16?
True
Is 912298 a multiple of 29?
False
Is 408 a factor of 122400?
True
Is 605727 a multiple of 48?
False
Does 36 divide 8543124?
True
Is 484716 a multiple of 93?
True
Is 63 a factor of 1644998?
False
Is 527975 a multiple of 245?
True
Does 531 divide 17055586?
False
Does 70 divide 15820?
True
Does 10 divide 337770?
True
Is 113 a factor of 119?
False
Is 203396 a multiple of 32?
False
Does 387 divide 1735308?
True
Is 331 a factor of 348111?
False
Does 33 divide 39435?
True
Is 198666 a multiple of 351?
True
Is 562456 a multiple of 167?
True
Is 181937 a multiple of 36?
False
Does 302 divide 2164434?
True
Is 826200 a multiple of 54?
True
Is 68 a factor of 341125?
False
Is 113 a factor of 113152?
False
Is 85600 a multiple of 107?
True
Does 3 divide 50203?
False
Is 4217273 a multiple of 92?
False
Is 16955 a multiple of 32?
False
Is 47229 a multiple of 2?
False
Is 73 a factor of 3709074?
False
Does 40 divide 160499?
False
Is 33319 a multiple of 75?
False
Is 17 a factor of 119091?
False
Is 5925536 a multiple of 23?
True
Is 12 a factor of 874871?
False
Is 8 a factor of 237225?
False
Does 20 divide 468865?
False
Is 3616 a multiple of 11?
False
Is 276 a factor of 167972?
False
Is 304182 a multiple of 387?
True
Is 6364192 a multiple of 92?
True
Does 25 divide 340625?
True
Is 17 a factor of 22532?
False
Is 209 a factor of 79211?
True
Is 5735644 a multiple of 92?
False
Does 8 divide 4159930?
False
Is 76 a factor of 83922?
False
Is 3245691 a multiple of 17?
True
Is 7 a factor of 2076630?
False
Is 54933 even?
False
Is 7770391 a multiple of 631?
False
Is 9 a factor of 101475?
True
Is 968 a factor of 433664?
True
Is 12 a factor of 143316?
True
Does 4 divide 35629?
False
Is 2917628 a multiple of 553?
True
Does 1033 divide 2461639?
True
Is 294 a factor of 14220780?
True
Is 43500 a multiple of 75?
True
Is 2742356 a multiple of 29?
True
Is 8900992 a multiple of 8?
True
Does 60 divide 1056474?
False
Is 3319695 a multiple of 66?
False
Is 20 a factor of 4287980?
True
Is 15 a factor of 191310?
True
Is 190 a factor of 1381503?
False
Is 24 a factor of 131160?
True
Is 79 a factor of 344357?
False
Does 80 divide 16275440?
True
Does 27 divide 392013?
True
Does 103 divide 4820813?
False
Is 48 a factor of 92688?
True
Is 1098 a factor of 5531448?
False
Is 6 a factor of 43308?
True
Is 128557 a multiple of 13?
True
Is 1202 a factor of 4888534?
True
Is 19390 a multiple of 19?
False
Is 57 a factor of 77235?
True
Is 95 a factor of 720517?
False
Is 72 a factor of 1429704?
True
Is 43 a factor of 5451021?
False
Does 151 divide 148716?
False
Is 387 a factor of 989486?
False
Is 3 a factor of 1505?
False
Is 14986190 a multiple of 14?
False
Is 8 a factor of 5146324?
False
Is 22828 even?
True
Is 29025 a multiple of 15?
True
Is 53 a factor of 2423107?
True
Does 374 divide 1733775?
False
Is 121 a factor of 352062?
False
Is 295448 a multiple of 15?
False
Is 424715 a multiple of 491?
True
Does 441 divide 4092413?
False
Is 323145 a multiple of 6?
False
Is 2545819 a multiple of 587?
True
Does 393 divide 716439?
True
Is 102004 a multiple of 8?
False
Is 174192 a multiple of 12?
True
Does 993 divide 3141691?
False
Is 38 a factor of 4332?
True
Is 144774 a multiple of 189?
True
Does 39 divide 15249?
True
Does 30 divide 18702270?
True
Is 10683 a multiple of 9?
True
Is 44403 even?
False
Is 5229724 a multiple of 1464?
False
Is 71262 a multiple of 34?
False
Is 16 a factor of 723552?
True
Is 124 a factor of 32488?
True
Is 5 a factor of 1263719?
False
Is 24054 a multiple of 211?
True
Is 3 a factor of 212713?
False
Is 523638 a multiple of 9?
True
Does 430 divide 35673?
False
Is 107559 a multiple of 241?
False
Does 158 divide 585232?
True
Is 3 a factor of 124042?
False
Does 5 divide 141437?
False
Does 136 divide 8038960?
True
Is 268479 a multiple of 212?
False
Is 811980 a multiple of 103?
False
Does 24 divide 155328?
True
Is 80 a factor of 474160?
True
Does 